{"id":7,"date":"2013-01-23T11:23:54","date_gmt":"2013-01-23T10:23:54","guid":{"rendered":"http:\/\/localhost\/wordpress-aurelien\/?page_id=7"},"modified":"2025-05-09T23:31:48","modified_gmt":"2025-05-09T22:31:48","slug":"la-recherche","status":"publish","type":"page","link":"https:\/\/www.cecls.eu\/fr\/la-recherche\/","title":{"rendered":"la recherche"},"content":{"rendered":"<p style=\"text-align: justify;\">Nos recherches portent sur les transformations sociales et la mani\u00e8re dont se construisent les ins\u00e9curit\u00e9s et les peurs, ainsi que sur les pratiques de gestion de la s\u00e9curit\u00e9.<\/p>\n<p style=\"text-align: justify;\">CECLS a \u00e9t\u00e9 engag\u00e9 dans de nombreux programmes-cadres de recherches et a produit de nombreuses <a href=\"http:\/\/www.cecls.eu\/fr\/etudes\/\">\u00e9tudes<\/a> pour le Parlement Europ\u00e9en sur les th\u00e8mes suivants\u00a0:<\/p>\n<ul>\n<li>Terrorisme, antiterrorisme<\/li>\n<li>Crime organis\u00e9 transnational, cybercrime, drogues<\/li>\n<li>Coop\u00e9ration judiciaire et polici\u00e8re<\/li>\n<li>Les Processus d\u2019europ\u00e9anisation<\/li>\n<li>Les fronti\u00e8res europ\u00e9ennes, politiques d\u2019immigration<\/li>\n<li>Les relations ext\u00e9rieures de l\u2019UE<\/li>\n<li>Protection des libert\u00e9s civiles et des donn\u00e9es personnelles<\/li>\n<li>S\u00e9curit\u00e9 Int\u00e9rieure<\/li>\n<li>S\u00e9curit\u00e9 et Recherche<\/li>\n<li>S\u00e9curit\u00e9 et technologies<\/li>\n<li>Le droit europ\u00e9en<\/li>\n<li>La gestion des sorties de crise<\/li>\n<\/ul>\n","protected":false},"excerpt":{"rendered":"<p>Nos recherches portent sur les transformations sociales et la mani\u00e8re dont se construisent les ins\u00e9curit\u00e9s et les peurs, ainsi que [&hellip;]<\/p>\n","protected":false},"author":1,"featured_media":0,"parent":0,"menu_order":0,"comment_status":"open","ping_status":"open","template":"","meta":{"_acf_changed":false,"advanced_seo_description":"","jetpack_seo_html_title":"","jetpack_seo_noindex":false,"jetpack_post_was_ever_published":false,"footnotes":""},"class_list":["post-7","page","type-page","status-publish","hentry"],"acf":[],"jetpack_sharing_enabled":true,"jetpack_shortlink":"https:\/\/wp.me\/P9dRVv-7","jetpack_likes_enabled":true,"jetpack-related-posts":[],"_links":{"self":[{"href":"https:\/\/www.cecls.eu\/fr\/wp-json\/wp\/v2\/pages\/7","targetHints":{"allow":["GET"]}}],"collection":[{"href":"https:\/\/www.cecls.eu\/fr\/wp-json\/wp\/v2\/pages"}],"about":[{"href":"https:\/\/www.cecls.eu\/fr\/wp-json\/wp\/v2\/types\/page"}],"author":[{"embeddable":true,"href":"https:\/\/www.cecls.eu\/fr\/wp-json\/wp\/v2\/users\/1"}],"replies":[{"embeddable":true,"href":"https:\/\/www.cecls.eu\/fr\/wp-json\/wp\/v2\/comments?post=7"}],"version-history":[{"count":17,"href":"https:\/\/www.cecls.eu\/fr\/wp-json\/wp\/v2\/pages\/7\/revisions"}],"predecessor-version":[{"id":1301,"href":"https:\/\/www.cecls.eu\/fr\/wp-json\/wp\/v2\/pages\/7\/revisions\/1301"}],"wp:attachment":[{"href":"https:\/\/www.cecls.eu\/fr\/wp-json\/wp\/v2\/media?parent=7"}],"curies":[{"name":"wp","href":"https:\/\/api.w.org\/{rel}","templated":true}]}}

<p style="text-align: justify;">Nos recherches portent sur les transformations sociales et la manière dont se construisent les insécurités et les peurs, ainsi que sur les pratiques de gestion de la sécurité.</p>
<p style="text-align: justify;">CECLS a été engagé dans de nombreux programmes-cadres de recherches et a produit de nombreuses <a href="http://www.cecls.eu/fr/etudes/">études</a> pour le Parlement Européen sur les thèmes suivants :</p>
<ul>
<li>Terrorisme, antiterrorisme</li>
<li>Crime organisé transnational, cybercrime, drogues</li>
<li>Coopération judiciaire et policière</li>
<li>Les Processus d’européanisation</li>
<li>Les frontières européennes, politiques d’immigration</li>
<li>Les relations extérieures de l’UE</li>
<li>Protection des libertés civiles et des données personnelles</li>
<li>Sécurité Intérieure</li>
<li>Sécurité et Recherche</li>
<li>Sécurité et technologies</li>
<li>Le droit européen</li>
<li>La gestion des sorties de crise</li>
</ul>

<p>Nos recherches portent sur les transformations sociales et la manière dont se construisent les insécurités et les peurs, ainsi que [&hellip;]</p>
